{"id":239,"date":"2022-11-18T01:43:43","date_gmt":"2022-11-18T01:43:43","guid":{"rendered":"https:\/\/323.escutismo.pt\/?page_id=239"},"modified":"2023-11-16T00:34:17","modified_gmt":"2023-11-16T00:34:17","slug":"pioneiros","status":"publish","type":"page","link":"https:\/\/323.escutismo.pt\/?page_id=239","title":{"rendered":"III\u00aa Sec\u00e7\u00e3o &#8211; Comunidade"},"content":{"rendered":"\n<div class=\"wp-block-columns is-layout-flex wp-container-core-columns-is-layout-9d6595d7 wp-block-columns-is-layout-flex\">\n<div class=\"wp-block-column is-layout-flow wp-block-column-is-layout-flow\" style=\"flex-basis:66.66%\">\n<p><strong>Equipa de Anima\u00e7\u00e3o<\/strong><\/p>\n\n\n\n<p>Carlos Neves<\/p>\n\n\n\n<p>Nuno Silva<\/p>\n\n\n\n<p>Olga Ara\u00fajo<\/p>\n\n\n\n<p><\/p>\n\n\n\n<p><strong>Contactos<\/strong><\/p>\n\n\n\n<p>pioneiros.323@escutismo.pt<\/p>\n<\/div>\n\n\n\n<div class=\"wp-block-column is-layout-flow wp-block-column-is-layout-flow\" style=\"flex-basis:33.33%\">\n<figure class=\"wp-block-image size-full is-resized\"><img loading=\"lazy\" decoding=\"async\" width=\"769\" height=\"769\" src=\"https:\/\/323.escutismo.pt\/wp-content\/uploads\/2023\/11\/Imagem-WhatsApp-2023-11-16-as-00.05.54_aa21b016-1-edited.jpg\" alt=\"\" class=\"wp-image-366\" style=\"width:420px;height:auto\" srcset=\"https:\/\/323.escutismo.pt\/wp-content\/uploads\/2023\/11\/Imagem-WhatsApp-2023-11-16-as-00.05.54_aa21b016-1-edited.jpg 769w, https:\/\/323.escutismo.pt\/wp-content\/uploads\/2023\/11\/Imagem-WhatsApp-2023-11-16-as-00.05.54_aa21b016-1-edited-300x300.jpg 300w, https:\/\/323.escutismo.pt\/wp-content\/uploads\/2023\/11\/Imagem-WhatsApp-2023-11-16-as-00.05.54_aa21b016-1-edited-150x150.jpg 150w\" sizes=\"auto, (max-width: 769px) 100vw, 769px\" \/><\/figure>\n<\/div>\n<\/div>\n\n\n\n<p><\/p>\n","protected":false},"excerpt":{"rendered":"<p>Equipa de Anima\u00e7\u00e3o Carlos Neves Nuno Silva Olga Ara\u00fajo Contactos pioneiros.323@escutismo.pt<\/p>\n","protected":false},"author":1,"featured_media":71,"parent":0,"menu_order":0,"comment_status":"closed","ping_status":"closed","template":"","meta":{"footnotes":""},"class_list":["post-239","page","type-page","status-publish","has-post-thumbnail","hentry"],"_links":{"self":[{"href":"https:\/\/323.escutismo.pt\/index.php?rest_route=\/wp\/v2\/pages\/239","targetHints":{"allow":["GET"]}}],"collection":[{"href":"https:\/\/323.escutismo.pt\/index.php?rest_route=\/wp\/v2\/pages"}],"about":[{"href":"https:\/\/323.escutismo.pt\/index.php?rest_route=\/wp\/v2\/types\/page"}],"author":[{"embeddable":true,"href":"https:\/\/323.escutismo.pt\/index.php?rest_route=\/wp\/v2\/users\/1"}],"replies":[{"embeddable":true,"href":"https:\/\/323.escutismo.pt\/index.php?rest_route=%2Fwp%2Fv2%2Fcomments&post=239"}],"version-history":[{"count":4,"href":"https:\/\/323.escutismo.pt\/index.php?rest_route=\/wp\/v2\/pages\/239\/revisions"}],"predecessor-version":[{"id":367,"href":"https:\/\/323.escutismo.pt\/index.php?rest_route=\/wp\/v2\/pages\/239\/revisions\/367"}],"wp:featuredmedia":[{"embeddable":true,"href":"https:\/\/323.escutismo.pt\/index.php?rest_route=\/wp\/v2\/media\/71"}],"wp:attachment":[{"href":"https:\/\/323.escutismo.pt\/index.php?rest_route=%2Fwp%2Fv2%2Fmedia&parent=239"}],"curies":[{"name":"wp","href":"https:\/\/api.w.org\/{rel}","templated":true}]}}